
23
Suppose 4*x + 4*r + r = 171, 5*x - 2*r = 255. Calculate the highest common divisor of 7 and x.
7
Let k = 10 - 8. Let r be k + 18*(2 - 0). What is the greatest common factor of r and 19?
19
Suppose 0*w = w - 21. What is the highest common divisor of 7 and w?
7
Let i = -6 + 11. Let v(f) = 2*f - 1. Let j be v(i). Suppose -y = -3*h + 106, 5*h = -2*y + 14 + 170. Calculate the highest common divisor of j and h.
9
Let v(d) = -2*d**3 + d**2 + 6*d + 10. Let t be v(-4). Calculate the greatest common factor of 26 and t.
26
Suppose -2*o + 2*u + 144 = 2*o, 0 = -o + 3*u + 41. Calculate the highest common factor of 14 and o.
7
Let p(w) = -w**3 + 7*w**2 - w - 5. Let g be p(5). Suppose -2*r - g = -c, 5*r = -5*c + 22 + 103. Calculate the highest common divisor of 45 and c.
15
Suppose -m - 1 + 3 = 0. Let d(g) = -1 + 10*g**m + 3*g - 3*g. Let q be d(1). Calculate the highest common divisor of q and 18.
9
Let f(s) = s**3 - 20*s**2 + 35*s + 20. Let i be f(18). Calculate the highest common factor of 28 and i.
2
Let m(f) = -f**2 + 16*f - 3. Let u be m(15). Suppose 5*k = 3*v - 153 - u, 186 = 3*v + 2*k. What is the greatest common factor of 15 and v?
15
Let h be 256/10 + (-7)/(35/(-2)). Calculate the highest common factor of h and 65.
13
Let v = 3 - 3. Let n be ((v + 0)/2)/1. Suppose t + n = 2. Calculate the highest common divisor of t and 5.
1
Let u(o) = 2*o**2 - 12*o - 6. Let g be u(11). Calculate the greatest common divisor of g and 13.
13
Let j be (2/2 + 1)*3. Let d = j + 4. Let o = 2 - -3. Calculate the greatest common divisor of d and o.
5
Let l be (-1)/(-2) + (-45)/(-6). Let i = 4 - 9. Let b(m) = -19*m - 7. Let f be b(i). Calculate the highest common factor of l and f.
8
Suppose -4*b + 34 = l, 2*l = -2*b + 6*b + 8. What is the highest common factor of 2 and l?
2
Let k be 4/(-8) - 21/(-2). Calculate the greatest common factor of k and 5.
5
Let r(s) = 69*s**2 - s + 1. Let g be r(1). Calculate the greatest common divisor of g and 46.
23
Let y be 0 - 1 - (-710)/10. Calculate the greatest common divisor of 28 and y.
14
Let j = 9 - 6. Suppose j*z - 44 = 76. Calculate the greatest common factor of 60 and z.
20
Let b be 1/(-4) + (-81)/(-4). Suppose -5*n = 6 - 56. What is the highest common divisor of b and n?
10
Let k = -74 + 106. Calculate the highest common divisor of k and 48.
16
Let j be (-4)/(-6) + 1/3. Let u be 1/(j/(12 + 3)). Calculate the greatest common divisor of 45 and u.
15
Let d = -2 + 3. Let w be (d - 5)*2/(-4). What is the highest common divisor of w and 10?
2
Let j be 128/6 - 3/9. Suppose 0 = 4*q + 3*q - 1323. What is the highest common divisor of q and j?
21
Let p(c) = -2*c - 4. Let x = -12 - -6. Let r be p(x). Calculate the greatest common divisor of r and 4.
4
Suppose -4*y - m + 99 = 0, 3*y - 57 = 3*m + 2*m. Suppose 8*o = 3*o + 40. Calculate the greatest common divisor of y and o.
8
Suppose -5*x = -r + 5, -2*x - 20 = -r - 0. Suppose 60 = -3*p + 6*p. What is the greatest common factor of p and r?
10
Let v(p) = -p**3 - 7*p**2 + 2. Let j be v(-7). Suppose -j*a + 22 + 6 = 0. What is the highest common divisor of 14 and a?
14
Suppose 0*u - 365 = -3*u + 5*y, -u - 3*y + 117 = 0. Calculate the highest common factor of u and 10.
10
Suppose 4*s - 10 - 2 = 0, 5*j = 3*s + 91. Calculate the greatest common factor of 100 and j.
20
Let r be ((-3)/(-6))/((-2)/(-20)). Suppose -q + 1 = 0, 0*l + 4*l + r*q = 313. What is the greatest common divisor of 7 and l?
7
Let p(o) = -o**3 + 3*o**2 + o + 1. Suppose -28 = -0*k - k + 5*s, -16 = 3*k + 5*s. Let x be p(k). What is the greatest common factor of x and 2?
2
Suppose -4*w = -33 + 201. Let n be (w/(-4))/3*10. Calculate the highest common divisor of n and 7.
7
Let k(s) = s**2 + 4*s + 7. Let v be k(-3). Let p be (56/(-3))/(-4)*6. What is the greatest common factor of p and v?
4
Let s be (-6)/(4 + -2)*-17. What is the greatest common factor of 34 and s?
17
Let u be (4/3)/((-11)/(-396)). What is the greatest common factor of u and 6?
6
Suppose -3*t - 2*z = 2*t - 51, -4 = 2*z. What is the highest common factor of 11 and t?
11
Suppose y - 544 = -3*t, 0 = -3*t + 2*y + 3*y + 556. Calculate the greatest common divisor of t and 14.
14
Let m be 72/15*(20 + -5). What is the greatest common divisor of 8 and m?
8
Let k be (-2)/(-3)*(-408)/(-16). Let j = k - 5. Calculate the highest common factor of 3 and j.
3
Let t be 991 - ((-2 - -3) + 0). Suppose 3*g - t = g. Suppose 0 = -4*j - j + g. Calculate the highest common divisor of j and 11.
11
Suppose -14*n + 0*n = -3724. What is the greatest common factor of n and 14?
14
Suppose 4*w - 17 = -5*k, 1 = 2*w - w - 2*k. Suppose -y - 24 = -2*y. Calculate the highest common divisor of y and w.
3
Let t = -8 - -17. Suppose -2*l + l = -6. Suppose 2*n = n + l. What is the greatest common factor of n and t?
3
Suppose 5 = 8*q - 3*q, 4*q = -3*t + 1564. What is the greatest common factor of t and 52?
52
Let t = 7 - 21. Let q be t*(-2 - 2/(-4)). Suppose 0 = -6*c + 73 + 11. What is the highest common factor of q and c?
7
Let f(o) = 2*o**2 + 9*o + 2. Let x(q) = -q - 6. Let t be x(0). Let l be f(t). Let p be 2 - (-3 - -3)/2. What is the greatest common divisor of l and p?
2
Suppose -52 = -2*j + 2*h, -4*j + 3*h = 8*h - 77. Let n = j - 20. Calculate the highest common factor of 9 and n.
3
Suppose 0 = 4*f - c - 55, 0 = -5*f + 3*f - 3*c + 45. Calculate the highest common divisor of f and 3.
3
Let l be -22*2*(-4)/16. Suppose -6*s - 10 = -l*s. What is the greatest common divisor of 22 and s?
2
Let a be (-550)/(-26) + (-2)/13. Let t = 1 + 13. What is the highest common factor of a and t?
7
Let w be 162*(45/10 + -4). Calculate the greatest common divisor of 9 and w.
9
Suppose -r + 56 = 3*r. Suppose -f = -56 - 58. Suppose -4*k = p - 104, f = -2*p + 3*p - k. What is the greatest common divisor of p and r?
14
Let n be 1/2 + (-1113)/(-14). Calculate the greatest common factor of 60 and n.
20
Suppose -2*b + 213 = 83. Suppose -5*x - 10 + b = 0. What is the greatest common factor of 99 and x?
11
Suppose -4*x - 30 = -5*u + x, 0 = -3*x - 6. Suppose -5*c - 40 = -2*k, -u = -k + 5*c + 21. What is the highest common factor of 60 and k?
15
Suppose -x + 6 = 5*n, 5*x = -3*n - n - 54. Let r(s) = -s**3 - 15*s**2 - 15*s + 14. Let k be r(x). What is the highest common divisor of k and 14?
14
Let z(t) = -t - 3. Let v be z(-9). Let a be (0 - -2)*-1*5. Let u be (-24)/a*40/v. Calculate the greatest common divisor of 112 and u.
16
Let m = 4 - -1. Suppose r - m = -2. Calculate the highest common factor of 9 and r.
3
Let g = 677 - 427. Calculate the greatest common factor of 25 and g.
25
Suppose b = 5*f + 5*b - 260, -f + 43 = -b. Calculate the greatest common factor of 4 and f.
4
Suppose -3*v + 0*v = 4*p - 48, 5*p = -2*v + 60. Let j = p - 10. What is the highest common divisor of j and 12?
2
Let s(i) = 2*i**2 - 17*i + 10. Let n be s(11). Calculate the highest common factor of n and 26.
13
Let t = 85 + -49. Calculate the highest common divisor of 108 and t.
36
Let r = -98 + 164. Suppose -n = -0*n + 5*j + 14, 0 = 2*n + 3*j. What is the greatest common divisor of n and r?
6
Let m be 1*-1 + 74 + -1. Suppose 5 = x + 4*l, -3*x - 2*l + 25 = -0*x. What is the highest common factor of x and m?
9
Let y be 11*6/(6 - 0). Suppose -5*k = -3*k + 2*h - 172, -2*k + 4*h + 184 = 0. Calculate the greatest common factor of y and k.
11
Suppose -3*p + 2*p + 1 = 0. Let o be p/((-4)/20*-1). What is the highest common divisor of 30 and o?
5
Let v = 12 - 8. Let d(f) = -6*f**3 - 2*f**2 - f + 2. Let l be d(-2). What is the greatest common divisor of l and v?
4
Let d be -3 + 8 - (0 - 1). Suppose d*c + 5*x - 40 = c, 0 = -2*x + 6. Let v(n) = -n**2 - 8*n + 10. Let q be v(-8). What is the highest common factor of c and q?
5
Let a(l) = -l**2 - 10*l + 1. Let p be a(-7). Suppose -g + p = g. Calculate the greatest common divisor of 1 and g.
1
Let f be ((-98)/(-6))/(2/(-6)*-1). Calculate the highest common divisor of f and 7.
7
Let l(z) = z**3 - 11*z**2 - 12*z + 17. Let w be l(12). What is the greatest common divisor of 68 and w?
17
Suppose 3*z - 79 = -19. What is the greatest common divisor of 20 and z?
20
Suppose 30 = 5*b - 0. What is the highest common factor of 4 and b?
2
Let j(v) = v**2 + v + 2. Let r be j(2). Let c be (6/r)/(5/240). Calculate the greatest common factor of